t h(y) = -y**3 + 7*y**2 + 3*y + 3. Let d(o) = n*x(o) + 9*h(o). What is d(4)?
-5
Let l(h) be the second derivative of -11*h**3/6 - h**2 - 3*h. What is l(2)?
-24
Let i(h) = 6*h + 4. Let t(l) = l + 1. Let c(y) = -i(y) + 5*t(y). Let a(b) = -7*b**3 - 2*b**2 + 1. Let j be a(-1). Determine c(j).
-5
Let f(h) = 6. Let c(v) = v + 7. Let r(n) = -6*c(n) + 7*f(n). Determine r(-1).
6
Let v(d) = -d - 12. Let m be v(-13). Let k(i) be the first derivative of 5*i**3/3 - i**2/2 - 1. Determine k(m).
4
Let w = 3 - 3. Let d be (w - (-15)/(-9))*-3. Suppose 0 = 5*a + 20, -5*r + 30 = -d*a - 5. Let h(u) = -u**3 + 4*u**2 - 3. Give h(r).
6
Let k(u) be the first derivative of -u**4/4 + 2*u**3/3 - 3*u**2/2 + 3*u - 1. Suppose -26*z + 22*z + 8 = 0. Determine k(z).
-3
Let l(k) be the first derivative of k**3/3 + 3*k**2 + 7*k - 46. Calculate l(-5).
2
Let i(l) = -l**2 + 7*l. Let f be 136/22 - (-2)/(-11). What is i(f)?
6
Let n = -7 - -11. Suppose 0 = -d + 3*f - 1, d - 1 = -f + 5*f. Let x = d + n. Let k(p) = 3*p + 3. Calculate k(x).
-6
Suppose 4*v + 0*v - 8 = 0. Let h(y) = -1 + 5*y + 2*y - v*y. Determine h(1).
4
Let p(d) = 7*d - 4. Let a(w) = -6*w + 5. Let r(j) = -4*a(j) - 5*p(j). Determine r(-1).
11
Suppose -3*y - 3 = -0. Let f = y - -3. Let x(t) = -t**3 - 1 + 5*t + 0 - 4*t - f*t**2. Give x(-3).
5
Let p(j) = -2*j**2 - 2*j + 1. Let a = -24 - -44. Let q be (-4)/10 + 28/a. Suppose -2*h + 3*h - q = 0. Give p(h).
-3
Suppose -3*d + 5*k = 27, -d + 6*k - 2*k - 9 = 0. Let n(o) = -o**2 - 7*o + 11. Give n(d).
-7
Let q(i) = -6 + 2*i + 3 - 2 - 4. Let d be q(6). Let s(m) be the first derivative of m**3/3 - 2*m**2 + m + 2. What is s(d)?
-2
Suppose -3*o = -4*o + 19. Let c = 22 - o. Let a(d) = -d**3 + 3*d**2 + d - 1. Give a(c).
2
Let a = 0 + 0. Let d(t) = t + 4. Let w be d(a). Let h(n) = -n**3 + 4*n**2 + n + 2. What is h(w)?
6
Let j(t) be the first derivative of -t**4/24 + t**3 - 11*t**2/2 - 6. Let z(w) be the second derivative of j(w). Determine z(6).
0
Let t(u) = u**3 - 9*u**2 + 9*u. Let f be t(8). Let l = -6 + f. Let s = -3 - l. Let w(c) = -c**2 - 4*c - 2. What is w(s)?
-7
Let m = 21 - 20. Let t(v) = -v - 1. Calculate t(m).
-2
Let j = 17 + -10. Suppose -x = j*w - 3*w - 11, 0 = 4*x + 2*w - 16. Let c(h) = -5*h + 7. Let f(n) = 4*n - 7. Let d(k) = -3*c(k) - 4*f(k). Calculate d(x).
4
Let w(g) be the third derivative of g**5/60 - 3*g**4/8 - 4*g**2. Give w(7).
-14
Suppose -3*y + 4*y = -6. Let q(r) = -2 + 6*r + 0*r + r**2 + 5 + 0*r**2. Determine q(y).
3
Let b = -6 + 3. Let r(n) = 2*n**2 - 19*n + 3. Let f(s) = s**2 - 9*s + 2. Let h(a) = b*r(a) + 7*f(a). Let d be 104/28 - 4/(-14). Calculate h(d).
-3
Let z(h) be the first derivative of h**2/2 + 5*h - 30. Calculate z(0).
5
Suppose 4*g + 3*r = 5, -4*g = -r - 7 - 2. Suppose -v = d + 5, 0*v = -g*v + 3*d + 5. Let b = v + 3. Let m(y) = 4*y**2 + 1. What is m(b)?
5
Let k(v) = v**2 + v - 1. Let l = -3 - -15. Suppose 0*g - 4*g = l. Calculate k(g).
5
Let y(a) = a**2 + a - 2. Let k(p) = p**3 + 7*p**2 + 7*p + 6. Let u be k(-6). Let m(z) = -z**2 + 7*z - 7. Let l be m(5). Suppose -g + u*g = l. Determine y(g).
4
Let r = -7 - 2. Let x(d) = -2*d - 9. What is x(r)?
9
Let l(g) be the first derivative of g**4/4 - 2*g**3/3 - g**2 + 5. What is l(-2)?
-12
Let m(x) = -221*x + 215*x + 4*x**2 - 3*x**2 - 6. What is m(6)?
-6
Let r(h) be the third derivative of -h**6/180 + h**5/40 - h**4/12 + h**3/6 + 3*h**2. Let v(y) be the first derivative of r(y). Determine v(2).
-4
Let p(g) = 3*g + 1. Let y = 50 - 53. Calculate p(y).
-8
Let t(q) be the first derivative of q**4/4 - 2*q**3/3 - q**2/2 + 11. Give t(2).
-2
Let f = 5 + 0. Let u(h) = -957*h**3 + 2*h + 958*h**3 - 5*h**2 - 3*h - 5. Calculate u(f).
-10
Suppose 2*h = 2*r - 4*r - 18, 3*r - 9 = 3*h. Let g(y) be the first derivative of -3*y**2/2 - 7*y - 3. What is g(h)?
11
Let s(x) = x**3 - 6*x**2 + 3*x + 7. Let c(r) = r**2 - r - 1. Let l(u) = u - 3. Let h be l(4). Suppose 4 - h = o. Let q be c(o). Give s(q).
-3
Let w(f) = 91*f + f**2 - 85*f - 1 - 4. Give w(-5).
-10
Let p(y) = -y - 1 - 12*y - 2*y + 14*y. Give p(3).
-4
Let f be 0 - 1*(-4)/2. Suppose -5*n = -f*n + 12. Let l(h) = h + 6. Calculate l(n).
2
Suppose 0*x + 28 = 2*t - 5*x, -4 = x. Let k(o) be the first derivative of o**2 - o + 2. Calculate k(t).
7
Let l(v) be the second derivative of -v**5/20 - 5*v**4/12 + v**3 - 2*v**2 - v. Determine l(-6).
-4
Let b = -31 - -36. Let q(y) = y + 2. What is q(b)?
7
Let k(h) = -6*h**2 + 0*h**2 + 2*h**2 - h**3 + 2*h + 4. Let w be -6 + 3 + (-2 - -1). Give k(w).
-4
Let q(i) = 3*i - 4. Let s(b) = b**3 - 5*b**2 - 6*b + 5. Let o be s(6). Calculate q(o).
11
Let j(c) = -5*c**2 + 4*c - 9. Let s(v) = 9 + 3*v - 35 + 8*v - 14*v**2. Let h(q) = 17*j(q) - 6*s(q). Calculate h(3).
0
Let m(l) be the second derivative of -l**7/840 - l**6/60 + l**5/120 - l**4/8 - l**3/6 - l. Let w(y) be the second derivative of m(y). Calculate w(-6).
-9
Suppose 0 = -79*r + 80*r. Let p(j) = j - 20. Determine p(r).
-20
Let c(j) be the first derivative of -j**4/4 + 2*j**3/3 + 2*j**2 - 4*j - 11. What is c(3)?
-1
Let s(k) = k**2 + 3*k + 4. Suppose 0 = -2*p + 3*w + 20, w + 0*w = 4. Suppose 5*q - 4*u = 4*q - p, 1 = -q - u. Calculate s(q).
8
Let d(x) be the second derivative of x**3/6 - x**2/2 - 29*x. Let n = 9 + 1. Let o = -7 + n. Calculate d(o).
2
Suppose -4 = 2*r - 4. Let d(i) be the third derivative of 0 + i**2 + 1/60*i**5 + 1/120*i**6 - 1/24*i**4 + 0*i + 5/6*i**3. Calculate d(r).
5
Let c(b) be the first derivative of b**3/6 + b**2/2 + 2*b + 1. Let i(l) be the first derivative of c(l). Let m(u) = -u + 2. Let f be m(4). Give i(f).
-1
Let y(g) be the first derivative of g**3/6 - 3*g**2 - g - 3. Let b(k) be the first derivative of y(k). Calculate b(6).
0
Let k(c) = c**2 + c - 1. Suppose -30 = -5*h - 0*h - s, -s + 2 = h. Suppose h = -f + 1. Let v be -1*(-3)/((-9)/f). What is k(v)?
5
Let p(n) be the first derivative of 5/3*n**3 + 7/2*n**2 - 5*n - 1/4*n**4 + 2. Calculate p(6).
1
Let i be 10/((1 - 2)*2). Let f(x) = x + 3. Let g be f(i). Let w(k) = 3*k. Calculate w(g).
-6
Suppose 0*o = -3*o. Let f(k) = o*k**2 + 2*k + 1 + 0 - 5*k**2. Suppose 5 = -6*d + d. Give f(d).
-6
Suppose 5*m - 4*o - 1 = 28, -4*m + 22 = -2*o. Let w(b) = b + 1. Let t(a) = a. Let i(q) = 6. Let n(g) = i(g) + 5*t(g). Let f(k) = n(k) - 4*w(k). Give f(m).
7
Let b = 7 + -3. Let i(r) be the second derivative of 1/12*r**4 - 1/3*r**3 + 0 - 3*r + r**2. Calculate i(b).
10
Suppose -4*r = -9*r + 80. Let y be 8/36 - r/(-9). Let x(h) = 3*h + 5 - y*h - 2*h. Determine x(4).
1
Suppose -4*m + 8 = -3*m. Suppose -4*j - 16 = -3*q, -q + 6 = -2*j + j. Suppose -q = -m*g + 4*g. Let k(a) = 2*a**2 - 2*a - 1. Give k(g).
3
Let j(k) = -3*k - 3. Let o = 7 - 1. Let c = o - 4. Suppose 4 = -c*r - 0*r. Calculate j(r).
3
Let j(k) be the first derivative of 7*k**3/6 + k**2/2 - 4*k - 6. Let l(a) be the first derivative of j(a). What is l(-1)?
-6
Let r(y) = 0*y**2 - 3*y**2 + 2*y**2 - 4*y - 3. Determine r(-5).
-8
Let q(z) be the first derivative of -3*z**2/2 + 5*z - 4. What is q(4)?
-7
Let x(z) be the first derivative of z**2/2 + 4*z + 5. Give x(-6).
-2
Let f(k) = -k + 1. Let n(g) = -2*g - 9. Let o(j) = 4*f(j) + n(j). Give o(-4).
19
Let x(p) = -7*p**3 - 15*p**2 + 3*p - 19. Let g(m) = -3*m**3 - 7*m**2 + 2*m - 9. Let i(z) = -5*g(z) + 2*x(z). Give i(-6).
-5
Let p(j) be the first derivative of -j**3/3 + j**2/2 - 6*j + 2. What is p(0)?
-6
Let t(h) = -7*h + 5 - 5*h**2 - 6*h**3 + 7*h**3 + 0*h**3. Let q = 15 + -9. Determine t(q).
-1
Let p(d) be the first derivative of d**2/2 + 6*d - 30. Give p(-9).
-3
Let k(w) = w + 6. Let u be (-4 - 9/(-3))/((-1)/(-5)). Give k(u).
1
Let p(b) = b**3 + 3*b**2 + b. Let u(f) = -f**2 + f - 3. Let h be u(0). Let x = h - -6. Suppose r + 12 = -x*r. Determine p(r).
-3
Suppose -2*y + 7 = 1. Suppose -y*q = -2*q - 4. Let k(m) = 2*m + 2. Let f(h) = -h + 1. Let z(g) = -3*f(g) - k(g). Determine z(q).
-1
Let h(n) = -4*n + n**2 - 5*n**2 + 0*n**3 + n**3 - 6 + 6*n. Suppose 5*k = 3*k + 8. Calculate h(k).
2
Let x be (-18)/(-10) - (-4)/20. Let r(n) = n**2 - n. What is r(x)?
2
Let s(z) = -6*z**2 + 0 - 1 + 6*z**2 - 2*z + z**3. Determine s(-1).
0
Let q(v) = -3*v**2 - 2*v + 5. Let o(d) = -4*d**2 - 3*d + 6. Let z(r) = -2*o(r) + 3*q(r). Suppose -5*l - 2 + 27 = 0. Suppose 15 = -0*t + l*t. Give z(t).
-6
Let i = -43 - -8. Let q be ((-28)/i)/((-1)/(-5)). Let v(y) = y - 5. 